ided by j(1)?
10
Let q(o) = -o**2 + 5*o - 1. Let h be q(3). Let f(y) = -y**2 + 6*y + 4. What is the remainder when f(h) is divided by 3?
0
Let o(k) = 2*k**2 - 3*k - 18. What is the remainder when o(8) is divided by 29?
28
Let c = 440 - 257. Suppose -4*u + c = -u. Let d(f) = -f + 21. Calculate the remainder when u is divided by d(0).
19
Let d(w) = 12*w + 3. Let z be 42/10 + 7/(-35). Calculate the remainder when d(z) is divided by 18.
15
Let w be (36/14)/(1/7). Suppose -5*p - 10 = 0, -4*z - 5 = -p - 23. Suppose 2*h + 3*h - z*d = 24, 2*d + w = 4*h. What is the remainder when 11 is divided by h?
3
What is the remainder when 44 is divided by (5/(140/48))/(2/14)?
8
Let w(z) = z**3 + 4*z**2 + 2*z. Let d be w(-3). Suppose -3*l + d = -3. Calculate the remainder when 2 is divided by l.
0
Suppose -1274 = 3*m + 4*v, -5*m - 2170 = -v - 4*v. Calculate the remainder when (m/15)/(2/(-3)) is divided by 15.
13
Suppose 12 = 3*v + 4*y - 33, 0 = 2*y - 6. Suppose 0 = -5*c + v + 9. What is the remainder when (-8)/20*-5 - -7 is divided by c?
1
Suppose -15*o + 5*o + 40 = 0. Suppose -3 - 8 = -p. Calculate the remainder when p is divided by o.
3
Let g = -25 + 32. What is the remainder when 17 is divided by g?
3
Suppose 4*y - 9 = 43. Suppose -i + y = 3*p, -6 = -2*i + i + 4*p. Let w(j) = -j**3 - j - 1. What is the remainder when w(-3) is divided by i?
9
Let a = 114 + -59. Calculate the remainder when a is divided by 28.
27
Let d(r) be the first derivative of -r**4/4 + 4*r**3/3 + 4*r**2 - 7*r + 3. What is the remainder when 117/5 + (-4)/10 is divided by d(5)?
7
Suppose 0 = 3*t - 5*t - 552. What is the remainder when (6/9)/((-4)/t) is divided by 12?
10
Let j(u) = -u + 22. Calculate the remainder when (-13)/(0 - 1/5) is divided by j(0).
21
Suppose 11 = x + 2*r, 4*x - 83 = -4*r + 9*r. Calculate the remainder when 47 is divided by x.
13
Calculate the remainder when 84 is divided by -1 - ((-4)/(-14) - (-634)/(-14)).
40
Let s = 42 - 25. Calculate the remainder when 32 is divided by s.
15
Let o be (56/(-10))/(1/(-5)). Suppose 3*t - o - 8 = 0. What is the remainder when 23 is divided by t?
11
Let k(h) = 9*h**2 + h + 2. What is the remainder when k(-1) is divided by 3?
1
Suppose 2*z - z = 0. Suppose -a = -z*j + j - 21, 2*a = -4*j + 40. Suppose 0*f - a = -f. Calculate the remainder when f is divided by 12.
10
Let z(c) = 2*c - 8. Let h be z(5). Suppose -j + 110 = 5*k - 5*j, 0 = -2*k + h*j + 46. What is the remainder when k is divided by 4?
2
Suppose -4*f = -4*u - 0*f, -f = -4*u. Suppose u = -3*y + 8 + 1. Suppose 0*o + 9 = y*o. Calculate the remainder when 8 is divided by o.
2
Let m = -60 + 82. What is the remainder when 86 is divided by m?
20
Let g = 3 - 4. Let n be 3*(3 - (-4)/g). Calculate the remainder when n/6 - 31/(-2) is divided by 9.
6
Let p be (56/40)/(2/10). Calculate the remainder when 12/p - 8/(-28) is divided by 2.
0
Let h(b) = -b**3 + 9*b**2 + 25*b - 16. Suppose 0 = w - 9 + 3. What is the remainder when h(11) is divided by w?
5
Suppose 3*y - 2 = 1, -4*x = -y - 115. What is the remainder when 57 is divided by x?
28
Suppose -5*u = 2*c - 407, -2*u + 3*c + 78 = -u. What is the remainder when u is divided by 17?
13
Suppose 2*x + 2*t - 14 = 0, 77 - 2 = 5*x - 3*t. Let o(z) = -3*z**3 - 4*z**2 - z - 2. Suppose p + 12 = -3*p. Calculate the remainder when o(p) is divided by x.
10
Suppose -u + 62 = 3*j, -3*j = -2*u - 35 - 30. What is the remainder when j is divided by 6?
3
Let n = 39 + -5. Calculate the remainder when n is divided by 6/21 + 61/7.
7
Suppose -595 = -5*h + 2*k - 0*k, 0 = h + 2*k - 119. What is the remainder when h is divided by 30?
29
Let w = -74 - -109. Calculate the remainder when w is divided by 19.
16
Let x(p) = -p**3 + 7*p**2 + 11*p - 6. What is the remainder when 32 is divided by x(8)?
14
Let s = -24 + 37. Let d(h) = 44*h**2 + 2*h + 2. What is the remainder when d(1) is divided by s?
9
Let j = -7 + 10. Let d = 7 - j. Suppose 3*n - k - 22 = 0, 4*n - 6 = -4*k + 2. What is the remainder when n is divided by d?
2
Let s = -47 + 59. Suppose -68 = -0*t - 2*t. Calculate the remainder when t is divided by s.
10
Let t be 41/3*(5 - -1). Suppose -3*o + t = -4*f, 2*f + 42 = o - 3*f. What is the remainder when o is divided by (-6)/(-15) - (-116)/10?
10
Suppose 4*u - 3*c - 33 = 0, -c = 4*u + 4*c - 73. What is the remainder when 35 is divided by u?
11
What is the remainder when (-122)/(-1 + (-1 - 0)) is divided by 13*1 - (5 - 8)?
13
Suppose -2*n = 2*n - 76. What is the remainder when n is divided by 11?
8
Suppose -3*m + 3*n + 12 = 4*n, -5*m = -5*n. Suppose m*q = 62 - 20. What is the remainder when q is divided by 5?
4
Let h(g) = -7*g - 6. Let v(l) = -2*l. Let f be v(2). Let t = 0 + f. What is the remainder when h(t) is divided by 8?
6
Suppose 3*v = 4 + 14. Calculate the remainder when 20 is divided by v.
2
Suppose 66 = -3*k + 276. What is the remainder when k is divided by 18?
16
Let b = -9 + -1. Let w be (-2)/b + 98/10. Suppose p - 25 = -w. What is the remainder when 28 is divided by p?
13
Suppose -4*i + 32 = f, -20 = -2*f - 3*i + 6*i. Calculate the remainder when f is divided by 6.
4
Suppose 2*w - 9*w + 63 = 0. Let k = 17 + -12. Calculate the remainder when w is divided by k.
4
Let u = 16 - 16. Suppose 5*i + u*i - 10 = 0. Calculate the remainder when 6 is divided by i.
0
Let l = -156 - -159. Suppose 44 = 3*r + 4*z, 3*r - 42 = -r - 2*z. What is the remainder when r is divided by l?
2
Let y(a) = 3*a**2 - 6*a + 9. What is the remainder when y(-5) is divided by 29?
27
Let x(u) be the third derivative of u**4/24 + 2*u**3/3 - 7*u**2. What is the remainder when 16 is divided by x(5)?
7
Let q(f) = f**2 + 12*f + 16. Suppose -m + 3*m = -22. Let l = -32 - -51. Calculate the remainder when l is divided by q(m).
4
Suppose -4*m = -t - 157, -4*m + 53 = 2*t - 113. What is the remainder when 197 is divided by m?
37
Suppose -258 = -8*y + 3*y - 3*p, 0 = 2*y - 5*p - 128. What is the remainder when y is divided by 19?
16
Let d(t) = 9*t**2 + t - t**3 - 2*t**2 + t**2 + 2*t**2. What is the remainder when 36 is divided by d(10)?
6
Let f = 17 - 11. Suppose 0 = -f*z + 3*z - 30. Calculate the remainder when z*(-1 - (-5)/(-2)) is divided by 12.
11
Suppose -33 = u - 48. Calculate the remainder when 23 is divided by u.
8
What is the remainder when (-1416)/(-15) - (13/(-5) + 2) is divided by 25?
20
Let h(u) = u**3 - 2*u**2 - 2*u + 3. Let w be h(4). Suppose v + w = 2*v. Calculate the remainder when v is divided by 6.
3
Let k be 3/(-8) + 2121/24. Suppose 4*w + k = 6*w. What is the remainder when w is divided by 44/3 - (-1)/3?
14
Suppose 0 = -b + 38 - 9. What is the remainder when 57 is divided by b?
28
Suppose 0 = -5*k - 0*k - 2*q + 208, 5 = -5*q. Calculate the remainder when 82 is divided by k.
40
Let b be -3*(-4)/12 - -1. Suppose 2*h = -4*u + 28, -2*h = -0*h + b*u - 32. Calculate the remainder when h is divided by 10.
8
Suppose -p + 19 = x + x, -4*x = 5*p - 71. Let n = -3 + p. What is the remainder when 23 is divided by n?
7
Let d be 3/(-5) + (-39)/(-15). Suppose -94 = -4*x - d. Calculate the remainder when x is divided by 12.
11
Let s = 12 + -5. Suppose -z - 14 = -3*v, v = 3*v + 4*z + 14. Suppose -s - v = -2*i. Calculate the remainder when 14 is divided by i.
4
Let c(q) be the third derivative of q**6/40 - q**5/20 + q**4/8 - q**3/2 + 6*q**2. Calculate the remainder when 28 is divided by c(2).
13
Suppose 0*j + j = 3. What is the remainder when 19 is divided by (-18)/(-4) + j/6?
4
Calculate the remainder when 5/(-5)*-13*2 is divided by 9.
8
Let z(l) = 38*l**2 - l - 1. Let d be ((-1)/2)/((-4)/16). Suppose 2*r = d*b + 22, -4*b + b - 7 = -r. Calculate the remainder when z(-1) is divided by r.
12
Suppose 2*k + 2 = 0, -4*k - 514 = 7*m - 2*m. Let u = -61 - m. What is the remainder when u is divided by -3*11*(-2)/6?
8
Let g = -90 - -140. Suppose -4*k + 0*r - 5*r = -g, 4*r + 8 = 0. Calculate the remainder when 29 is divided by k.
14
Suppose 0 - 9 = -3*q. Suppose 0 = q*o + o - 112. Calculate the remainder when o is divided by 10.
8
Suppose 118 = -7*c + 8*c. What is the remainder when c is divided by 30?
28
Let z(v) be the first derivative of v**3/3 - 3*v**2 + 8*v + 2. Calculate the remainder when 59 is divided by z(7).
14
Let f = 8 + -2. Let h = 20 - f. Suppose -h = -4*b + 6. What is the remainder when 8 is divid